*m - 28 = -m. Suppose -5*p - 3 + m = 0. Let q(w) = -w**2 + 4*w + 6. Calculate q(p).
1
Suppose 0 = -5*h, 0*n + 3*h = -2*n + 8. Let a(z) = -n*z + 4*z + z + 5*z. Suppose -4*x = -0*x + 4. Calculate a(x).
-6
Let k(m) = -1 + 28*m**3 - 13*m**3 + 2 - 2*m**3. Give k(-1).
-12
Let x = -9 - -4. Let b be 1 + (-5 - -1) + -1. Let d(s) = s + 11. Let z(p) = p + 10. Let h(l) = b*d(l) + 5*z(l). What is h(x)?
1
Let t(c) be the third derivative of c**6/120 - c**5/12 + c**3/3 + 7*c**2. What is t(4)?
-14
Let j(k) = -11*k**2 + 1. Let n(d) = 3*d**2 + d + 1. Let w be n(-1). Suppose 0*o + 3 = -w*o. Calculate j(o).
-10
Let q = 9 - 7. Let f = q + 3. Let j(g) = g**2 - 6*g + 7. Give j(f).
2
Let v(w) = w**3 + 12*w**2 - w - 11. Let o be v(-12). Let x(u) = 6*u. Determine x(o).
6
Let u(n) = 3*n**3 + 8*n**2 - 2*n - 6. Let j(p) = -4*p**3 - 12*p**2 + 3*p + 9. Let t(m) = 5*j(m) + 7*u(m). Calculate t(4).
7
Let l(r) = r**3 - 4*r**2 + 4*r. Let m be l(3). Let k(h) = 3*h + m*h - 3*h + 2 + 3*h. Let y(q) = -2*q**2 + q - 1. Let d be y(1). What is k(d)?
-10
Let k(t) = -t**3 + 4*t**2 - 3*t + 2. Suppose -64*c + 3 = -63*c. What is k(c)?
2
Let m be -3 + (-4)/((-16)/20). Let h(q) = q**3 + 2*q**2 - 3*q - 3 + 2*q**m + 7 - 2*q**3. Let x be -5*((-12)/(-10) + -2). Determine h(x).
-8
Let a(c) = -c. Let f = -4 + 1. Let x be 0 + 1 + -1 - 8. Let w = x - f. Calculate a(w).
5
Let i(p) = -p**3 + 5*p**2 + p - 7. Let s be i(5). Let b(a) = -3 + 1 + 4*a**2 - 2*a**2. Give b(s).
6
Let j(h) = -6*h + 3. Let b(f) = -f**2 - f. Let w(u) = b(u) - j(u). What is w(5)?
-3
Let q(x) be the third derivative of -x**6/120 + x**5/15 - x**4/24 - x**3/2 + 4*x**2. Calculate q(3).
3
Let a(g) = -6*g. Let q(b) = -3*b - 1 + b + 3*b + 6*b. Let z(h) = -3*a(h) - 2*q(h). Give z(-3).
-10
Let h(r) be the first derivative of -4*r**2 - 5*r + 1. Let y(m) = -7*m - 5. Let g(v) = 6*h(v) - 7*y(v). What is g(-3)?
2
Suppose 3*f = -3*s + 21, 0*f - 11 = -2*f + s. Let q(x) be the third derivative of -x**6/120 + 7*x**5/60 - 5*x**4/24 - 4*x**3/3 - 3*x**2. Give q(f).
-2
Let j be 45/4 - 3/12. Suppose 0 = -5*p - x + j, x - 8 = -p - 3*p. Let c(d) = d**2 - 7*d - 1. What is c(p)?
-13
Suppose -5*w + 1 = -4*m + 9, 4*w - 3*m = -6. Let u(d) = -d - 7*d**3 + 11*d**3 - 3*d**3. Give u(w).
0
Let d be -2 - -3 - (2 + -4). Suppose y - 2 = -j, -j + d*j = 2*y. Let a(c) = 9*c**3 - c. Give a(y).
8
Let m(k) be the first derivative of -2*k**3/3 + k**2 - k - 1. Let g = 2 - 9. Let b = g + 9. Give m(b).
-5
Let h = -28 + 26. Let b(l) = 2*l**3 - 2*l. What is b(h)?
-12
Let x(w) = -w**2 - 2*w + 3. Let z be ((-15)/(-6) + -5)*(-1 + 3). Give x(z).
-12
Let h(w) = -2*w + 2. Let x = 22 + -17. Give h(x).
-8
Let c(l) = 2*l**3 - l**2 + l**3 + 4 - 2*l**3. Suppose 5*f - 2*f + 12 = 0. Let v = f + 4. Give c(v).
4
Suppose -1 = -2*z + 5. Let o(i) = 5*i**2 - 2*i - 4*i**2 + i. Determine o(z).
6
Suppose 0 = -3*w + 15 - 0. Let n(v) = -2*v + 5. What is n(w)?
-5
Let m be (-1)/6*1/(-4). Let f(x) be the third derivative of m*x**4 + 0 + 1/120*x**6 + 0*x - 2*x**2 - 1/60*x**5 - 2/3*x**3. What is f(0)?
-4
Let k = 33 - 28. Let u(n) = -n**3 + 5*n**2 + n - 4. Determine u(k).
1
Let r(x) be the first derivative of -x**2/2 - 6*x + 3. Determine r(-6).
0
Let d be -3 + -2*1/(-2). Let p(k) be the third derivative of k**6/360 - k**5/60 - k**3 - 5*k**2. Let m(f) be the first derivative of p(f). Determine m(d).
8
Let o = -18 + 22. Let s(t) = -t + 4*t - 4*t. What is s(o)?
-4
Let k(u) = u**3 - 5*u**2 + 5*u - 1. Let p be 4/(2/(-1) - -3). Calculate k(p).
3
Let m be (-90)/20*(-4)/6. Let w(p) = -2*p - 4. Calculate w(m).
-10
Suppose 33 = -8*j - 23. Let m(f) = -f**2 - 4*f + 10. Give m(j).
-11
Suppose 0*j = 3*j - 2*u - 15, 21 = 2*j - 5*u. Let q(s) = s - 3. Let o(i) = -i + 4. Let a(m) = j*o(m) + 4*q(m). Calculate a(-4).
-4
Let x(t) = 8*t + 5*t - 9*t + 1 + t. Let o = 1 - 0. Calculate x(o).
6
Let n(q) be the third derivative of 1/3*q**3 + 2*q**2 + 0*q + 0 - 1/24*q**4. What is n(6)?
-4
Let g = 2 - 0. Suppose -g*r - 1 = 5. Let x(t) = -t**3 - t. Let l(n) = n**3 - n**2 + n - 1. Let w(a) = r*x(a) - 2*l(a). Determine w(-2).
0
Let i(v) = v - 1. Let c be i(4). Suppose -c = -5*o + 5*f + 7, -16 = -2*o + 5*f. Let s(b) be the second derivative of b**3/2 + b**2 + 2*b. Determine s(o).
-4
Let l be (-5)/1 - (-11 + 7). Let h(s) be the second derivative of -s**4/12 - s**2/2 + s. Give h(l).
-2
Let s(i) = i**2 - 9. Let r(z) = -z**2 + 5*z - 6. Let t be r(2). Calculate s(t).
-9
Let c(n) = 5*n - 1. Let a(t) = t**3 + 6*t**2 - 6*t + 6. Let p be a(-7). Determine c(p).
-6
Let p(m) = -3*m**2 + 1. Let b(d) be the third derivative of d**5/60 + 7*d**4/24 + 2*d**3/3 - 3*d**2. Let c be b(-7). Suppose -c*l + 2 + 2 = 0. Give p(l).
-2
Let h(j) = -j + 2. Let l(x) = -1. Suppose 0*t - t + 1 = 0. Let p(i) = t*h(i) + 2*l(i). Give p(1).
-1
Let d(h) = 3*h + 1. Suppose -r - 2 = -4. Suppose 3*t + 3 = 0, 5*n - r*n - 5*t - 5 = 0. Suppose y + 7 + n = -5*w, -y - 4*w = 6. Give d(y).
-5
Let i(r) = 6*r + 2*r + 0 + 4 - 5*r. Suppose 29 = 3*u + 5. Suppose -3*p = -p + u. What is i(p)?
-8
Let i be (2/(-4))/(3/(-6)). Let s(c) = -3*c**3 + c**2 - c. Let v be s(i). Let y(m) = -m - 4. Determine y(v).
-1
Let g(d) = d**2 + 5*d - 1. Suppose 3*p - 56 = -p. Suppose 3*i + 4 = -p. Determine g(i).
5
Let q(u) = u**2 + u + 2. Let g = 16 - 0. Let d = 12 - g. Calculate q(d).
14
Suppose 0 = -5*f + a - 2*a + 13, 4*f + 2*a - 8 = 0. Suppose k = -f*k. Let q(s) = 1 - s**3 - 4*s**2 + k*s**2 + s + 3*s**2. Calculate q(-1).
0
Let x be (-46)/8 - 5/20. Let b = 8 + x. Suppose -13 = b*p - 3. Let g(f) = f**3 + 5*f**2 - f - 7. What is g(p)?
-2
Let z be 100/17 - 12/(-102). Let j(q) = 3*q - 7. What is j(z)?
11
Let o(k) = 5*k**2 - 3*k**2 + 0*k**3 - 6*k**2 - k**3 - 2*k - 3. Let p = -4 + 6. Suppose z + 1 = -p. Calculate o(z).
-6
Suppose -2*s + 9 + 1 = 0. Let z(p) = p**2 + 2*p. Let d(v) = 6*v**2 + 5*v - 5. Let c(q) = -d(q) + 5*z(q). What is c(s)?
5
Let a = 5681/20 + -284. Let x(n) be the second derivative of 0 - a*n**5 + 0*n**4 - 1/6*n**3 + 2*n + 2*n**2. Calculate x(0).
4
Let j(p) = -p**2 + p + 1. Let q(h) = -7*h**2 + 6*h + 5. Let s(d) = -5*j(d) + q(d). Determine s(-2).
-10
Let b(j) = 1 - j**2 + j - 1 - 2. Let q be 2 + 0 - (-2)/1. Let z(w) = w - 4. Let u be z(q). What is b(u)?
-2
Let v(r) = r + 4. Suppose -23 = 4*y - 23. Give v(y).
4
Let b(m) be the first derivative of -4*m - 1/3*m**3 + 3/2*m**2 + 3. Give b(5).
-14
Let g(m) = -m**2 + 8*m - 8. Let y be g(6). Let n(j) = -3 + 21*j - 23*j + j**2 + 0. Determine n(y).
5
Suppose 2 + 3 = 5*x. Let z(h) = 7*h - 5*h + x - 1. Calculate z(-4).
-8
Let l(n) = 2*n**3 + 4*n**2 + 5*n + 10. Let q(k) = 30 + 8*k**2 - 2*k + 12*k + 3*k**3 - 11. Let i(c) = -5*l(c) + 3*q(c). What is i(5)?
7
Let h(u) be the third derivative of u**6/120 + 2*u**5/15 + u**4/3 - 5*u**3/6 + 2*u**2. Give h(-7).
-12
Let w = -170 - -165. Let x(v) = v**3 + 5*v**2 + 4*v + 1. Determine x(w).
-19
Let j(f) = -3*f + 12. Let t(k) = k - 4. Let w(v) = -3*j(v) - 8*t(v). Suppose 0*p + p = 0. Let o(b) = b**2 + 6. Let n be o(p). Determine w(n).
2
Let f(y) be the third derivative of 3*y**5/10 - y**4/24 + y**3/6 + 8*y**2. What is f(1)?
18
Let f(g) be the third derivative of -g**4/24 + g**3/2 + 4*g**2. Let k = 5 - -1. Determine f(k).
-3
Let h(l) be the first derivative of -9/4*l**4 - 3 + 0*l**2 - l + 0*l**3. Determine h(-1).
8
Let n(i) = -i - 1. Let m(f) = 3*f - 1. Let q(d) = -m(d) + n(d). Suppose -43 = -5*w - u, 0*w - 4*u = 4*w - 44. Let v = w + -7. Calculate q(v).
-4
Suppose -25 = -4*z - 5*y, z - y + 5 = -0*z. Let m(t) be the third derivative of -t**6/120 + t**3 - 31*t**2. Determine m(z).
6
Let x(r) = -r**2 + r + 1. Let j(v) = -7*v**2 + 11*v + 3. Let z(a) = -j(a) + 6*x(a). Let k = -1 - -3. Give z(k).
-3
Let r(n) = -n**3 - 4*n**2 + 4*n - 6. Let j = -60 - -103. Suppose 5*u - 18 = -j. Calculate r(u).
-1
Let z(c) = c + 2. Let o be 2 + -3 + 3 + -1. Suppose -o = -q, x - 3 + 10 = 2*q. Determine z(x).
-3
Let o(k) = -11*k - 27. Let m(q) = 5*q + 13. Let p(a) = -9*m(a) - 4*o(a). Calculate p(-6).
-3
Suppose 2*w - 5*v - 15 = 0, -5*w = -3*w - 3*v - 5. Let q = -1 - -2. Let p(z) = -4. Let h(n) = n + 1. Let y(u) = q*h(u) + p(u). What is y(w)?
-8
Let f(s) = 7*s**2 + 11*s - 3. Let m(j) = -9*j**2 - 12*j + 4. Let k(r) = -4*f(r) - 3*m(r). What is k(-9)?
-9
Let s(b) be the second derivative of -b**4/12 - 2*b**3/3 - b**2 - 2*b. Suppose -4*d + 0*d = 20. What is s